+ 3*o - o + 1. Calculate the remainder when 25 is divided by i(l).
12
Suppose 8*g + 54 = 246. Calculate the remainder when 119 is divided by g.
23
Let g(h) = -5*h - 11. Calculate the remainder when 70 is divided by g(-7).
22
Let w = 13 - 7. Calculate the remainder when 27 is divided by w.
3
Let v(o) = 37*o + 5. What is the remainder when v(1) is divided by 25?
17
Let g(i) = -i. Let n(u) = 2 - 3 + 2*u - 16*u - u. Let y(m) = 4*g(m) - n(m). Calculate the remainder when 35 is divided by y(1).
11
Let s(g) = 6*g**2 + 17*g + 3. Calculate the remainder when 119 is divided by s(-4).
26
Let d = -31 + 67. What is the remainder when 71 is divided by d?
35
Suppose 3*n + 2*n + 100 = 0. Calculate the remainder when 5 is divided by -5*((-12)/n - 1).
1
Suppose -i - d = -5*d - 4, -4*i + 16 = 2*d. Calculate the remainder when i is divided by 2.
0
Let b(t) = -t**3 + t + 23. Calculate the remainder when b(0) is divided by 12.
11
Let f = 9 - -11. Let l = 34 + -22. What is the remainder when f is divided by 76/l + (-2)/(-3)?
6
Let g = 3 + 59. Calculate the remainder when g is divided by 13.
10
Suppose z = 19 + 8. Suppose 0 = -5*t - 3*b + 58, 46 + 14 = 4*t - b. What is the remainder when z is divided by t?
13
Suppose 14*q = 16*q - 26. What is the remainder when q is divided by 7?
6
Suppose 4*l - 2*h = -34, -4*h - 11 = 2*l + 1. Suppose 6 + 0 = -t. Let u = t - l. Calculate the remainder when 4 is divided by u.
0
Let b(f) = f**3 + f**2 - f + 5. Suppose a = 3*a - 10. Suppose a*p = 2*p + 42. What is the remainder when p is divided by b(0)?
4
Let u = 7 - 4. Let q be 2/(-1 - (-5)/u). Suppose 37 = 4*j - q. Calculate the remainder when j is divided by 6.
4
Suppose -9 = -z - 5. Let s be -6*(-4 - -1)/(-1). Let k = -7 - s. Calculate the remainder when k is divided by z.
3
Let n(k) be the second derivative of k**4/12 + 5*k**3/6 + 2*k**2 - 2*k. Calculate the remainder when n(-7) is divided by 7.
4
Calculate the remainder when (-1)/3 - 3136/(-21) is divided by 38.
35
Let b(w) = -19*w - 32. Calculate the remainder when b(-9) is divided by 13.
9
Suppose -50 = -f - 4*f. What is the remainder when 17 is divided by f?
7
Let o(h) = 29*h**2. What is the remainder when o(-1) is divided by 11?
7
Suppose 0 = -x - 1. Let i be 0 + 1 - 2 - x. Suppose 2*k + 2*k - 40 = i. Calculate the remainder when k is divided by 6.
4
Let n = -17 + 28. Suppose 5*u = -3*d + 151, -d - u = -2*d + 45. Let j = d + -26. What is the remainder when j is divided by n?
10
Let n = 154 - 149. What is the remainder when 23 is divided by n?
3
Suppose 0 = 212*a - 207*a - 195. What is the remainder when a is divided by 5?
4
Let o be 5/(25/3)*95. Let j = o - 40. What is the remainder when j is divided by 6?
5
Suppose 0 = -3*m + m. Suppose -g + 22 = g + 2*l, m = 5*l. Calculate the remainder when g is divided by ((-32)/(-20))/(2/5).
3
Suppose -7*b + 4*r = -2*b - 244, 2 = -2*r. Suppose 0*h = 3*h - b. What is the remainder when h is divided by 6?
4
Let l = 11 + -9. Suppose -5 + 41 = l*h. Calculate the remainder when 70 is divided by h.
16
Let z(i) = -1. Let x(v) = -3*v + 27. Let y(a) = -4*x(a) - 108*z(a). Suppose 3*j - 1 - 2 = 0. What is the remainder when 34 is divided by y(j)?
10
Let s(a) = 2*a**2 + 2*a - 2. What is the remainder when 17 is divided by s(-3)?
7
Suppose -4*m + 55 = 5*j, 3*j - 3*m + 11 = 4*j. Let b be -1 + 2*(-11)/(-2). Let q = b + 10. What is the remainder when q is divided by j?
9
Let d(c) = -5*c - 10. Let n be d(-12). Suppose -9*h + n = -4*h. Calculate the remainder when h is divided by 4.
2
Suppose 0 = o + 3*y - 41, -13 = -o - 5*y + 34. Calculate the remainder when o is divided by 9.
5
Let n(m) = -m**3 + 47*m**2 + 3*m - 117. What is the remainder when ((-19)/2)/((-2)/20) is divided by n(47)?
23
Suppose 0 = 16*y - 27*y + 176. Let q(t) = -20*t + 3. What is the remainder when q(-3) is divided by y?
15
Suppose -5*d - 3*k = -95, 3*d - 4*k = -4 + 32. What is the remainder when 46 is divided by d?
14
Let z(x) = 4*x**2 - 3*x - 1. Calculate the remainder when z(3) is divided by 10.
6
Suppose -4*v - 36 = -r - 11, 5*r - 17 = 2*v. Let d = v + 16. Suppose 0*s + 2*g = 4*s - 76, -3*s - 3*g = -48. What is the remainder when s is divided by d?
8
Suppose 3*m - j - 39 = -1, -21 = -m + 2*j. Let i = 15 - m. Suppose -u + 5 = x - 6*u, -20 = -4*x + i*u. Calculate the remainder when 8 is divided by x.
3
Let x be (20/(-25))/((-2)/5). Suppose 4*u + 3*v = 75, 3*u - 35 = 4*v - x*v. Calculate the remainder when u is divided by 8.
7
Let b(o) = o + 7. Let n be b(-5). Suppose 8 + 14 = n*x + 2*z, -4*z = 5*x - 52. Calculate the remainder when 30 is divided by x.
6
Let a(d) = d**3 - 7*d**2 + d + 5. Let k be a(7). Let c = 27 - k. What is the remainder when 57 is divided by c?
12
What is the remainder when (5 - 212/44) + (-1382)/(-22) is divided by 14?
7
Let o be 1 + 7/((-7)/(-2)). Suppose -o*a + 14 = -l - 3*l, 4*a + 3*l = 2. What is the remainder when 3 is divided by a?
1
Let v = -15 - -21. Suppose 30 = 4*w + v. Calculate the remainder when (1*2)/(-2) + 17 is divided by w.
4
Let u(k) = k**2 + 2*k. Let r be u(-2). Suppose r = p + p - 102. Calculate the remainder when p is divided by 26.
25
Suppose -4*z = 4*n - 0*z - 48, -5*n = 3*z - 68. What is the remainder when 44 is divided by n?
12
Let q = 3 - -2. Let w(j) = j + 14. Calculate the remainder when w(0) is divided by q.
4
Let w = 13 - 4. Suppose -5*y - 30 = 2*k, -54 = 5*y + 4*k - 14. What is the remainder when (-5)/((1 + y)/15) is divided by w?
7
Let g(n) = 4*n + 8. What is the remainder when g(12) is divided by 20?
16
Suppose 5*f + 3*z - 190 = -2*z, 5*z + 104 = 2*f. What is the remainder when f is divided by 15?
12
Suppose 5*j + 4 = -6. Calculate the remainder when 27 is divided by j/(-3) - 40/(-3).
13
Suppose t - 54 = -4*u, 2*t = u - 2*u + 108. What is the remainder when t is divided by 19?
16
Suppose 12 = -3*x, 3*x - 61 = -5*y + 2*x. Suppose 2*c + 2 = 16. Calculate the remainder when y is divided by c.
6
Suppose -6 = -3*g + j, 8*j - 3*j + 20 = 5*g. Let t(d) = 2*d**3 - 2*d**2 - d - 2. Let u be t(2). Calculate the remainder when 15 is divided by 7/g + (u - 3).
7
Let s(k) = -k**2 + 6*k + 15. Let z(l) = l**2 - 5*l - 14. Let p(g) = -4*s(g) - 5*z(g). Calculate the remainder when 37 is divided by p(0).
7
Suppose 3*d + 2*d + 25 = 0, 5*d + 97 = 4*y. Calculate the remainder when 33 is divided by y.
15
Let x(w) = w**2 + 5*w + 3. Let u be x(-9). Let z(y) = y**2 - 7*y + 2. Let n be z(5). Let k = n + u. What is the remainder when k is divided by 11?
9
Suppose 2*t + 5*y - 52 = -0*y, -2*t + 56 = 3*y. Calculate the remainder when t is divided by (-2)/6*1*-33.
9
Let m be ((2 + 3)/(-1))/(-1). Let d be ((-2)/m)/(3/(-15)). Calculate the remainder when 15 is divided by (5 - d) + (-10)/(-2).
7
Suppose -3*d = -6*d + 63. Let j = -1 - -5. Suppose j*h = f - 19, 3*h + 17 = -f + 2*f. Calculate the remainder when d is divided by f.
10
Let w = -14 + 29. Suppose 0 = n - 2, -n - 40 - 178 = -5*d. What is the remainder when d is divided by w?
14
Suppose -5*i = -7*i + 16. Calculate the remainder when 31 is divided by i.
7
Suppose 0 = -5*b + 2*y + 39, -3*b + 2*y = -2*y - 29. Calculate the remainder when 47 is divided by b.
5
Suppose 25*x = 22*x + 27. What is the remainder when 61 is divided by x?
7
Let s = -3 - -2. What is the remainder when 3 is divided by 2 + -3 - 2/s?
0
Let d be 1*(21 - (0 - 3)). Let f = d - 14. Calculate the remainder when 9 is divided by ((-8)/3)/(f/(-15)).
1
Suppose 354 = -2*i + 8*i. Suppose 4*o + 4*g = g + 80, -o + g + 20 = 0. Calculate the remainder when i is divided by o.
19
Let n(r) = r**2 - 4*r + 14. Let d(z) = z**3 - 2*z**2 + 3*z - 4. What is the remainder when n(6) is divided by d(3)?
12
Let z(h) = -h + 2. Suppose -l + 5*c - 135 = -5*l, -78 = -3*l + 4*c. Suppose 3*d = 4*o + 8*d - l, 3*o - 32 = d. What is the remainder when o is divided by z(-2)?
2
Suppose 27 = -29*u + 32*u. Calculate the remainder when 71 is divided by u.
8
Calculate the remainder when 20 is divided by -1 - 1*(-24)/3.
6
Let k = 24 - 7. What is the remainder when 66 is divided by k?
15
Suppose -l + 5*y = -69 - 18, 2*l = 3*y + 146. Let z = l + -47. What is the remainder when 39 is divided by z?
19
Let d(v) = -v + 22. What is the remainder when d(0) is divided by 12?
10
What is the remainder when 137 is divided by (15 - -1) + (-1 - 1